-4). Let z be ((-100)/28 + 3)/(2/l). Suppose 4*s + d + z = 1, 6 = 2*d. Give f(s).
5
Let c(q) = -5*q + 30. Let r be c(4). Suppose 8*t - 8 = r*t. Let x(y) = y**3 + 5*y**2 - y - 1. Give x(t).
19
Let m(k) = -k**3 - 31*k**2 - k - 27. Let u = -13 - 18. Give m(u).
4
Let p(f) = -6*f**2. Let h(w) = 22*w**2 + 42*w + 23. Let m(b) = h(b) + 3*p(b). Give m(-10).
3
Suppose 6 = 3*s - q - 13, 0 = -2*s - q + 6. Let j = 11 - s. Suppose -j*z = 6 + 36. Let f(o) = -o**2 - 8*o - 4. Calculate f(z).
3
Let t(w) = w**3 - 13*w**2 - 11*w + 12. Let g = 9106 - 9092. Determine t(g).
54
Let w(h) be the first derivative of -86 + 38*h - h**2 - 2*h - 10 - 30*h. Calculate w(5).
-4
Suppose 0 = 5*a + 2*a + 2*a. Let z(m) = -m**3 - m + 67. Calculate z(a).
67
Suppose 2*o = -3*g + o - 47, -3*o - 6 = 0. Suppose 4*u - 2*u - 8 = 2*r, 0 = 3*r - 2*u + 8. Let w be g - (-5 - r)/1. Let t(f) = -f**2 - 9*f + 7. Give t(w).
-3
Let t(g) = -3*g**2 - 1. Let f(c) = c**2. Let l(r) = -9*f(r) - 2*t(r). Let h = -120 + 123. Calculate l(h).
-25
Let x(u) = -14*u**3 - 4*u**2 - 3*u - 1. Suppose -6*l - 142 = -258 + 128. Determine x(l).
101
Let i(j) = 7*j**2 + 8*j + j**3 + 7 - 2*j + 0. Suppose 9*u + 42 = 168. Suppose 0 = -y + s - 10, 5*y + s + u = -3*s. What is i(y)?
7
Let j(a) = -14*a**3 + 2*a**2 + a. Let y be 35/14 + (-699)/(-6). Let q = y - 120. Calculate j(q).
15
Let y(x) be the third derivative of x**4/12 - 5*x**3/3 - 2522*x**2. Give y(7).
4
Let o(t) = t**2 + t - 4. Suppose 0 = -7*g + 4*g - 5*k + 540, -197 = -g + 4*k. Let n = g + -189. Calculate o(n).
8
Let i(m) = -6*m - 7. Let s(l) = -7*l - 9. Let r = -134 - -139. Let b(o) = r*i(o) - 4*s(o). Give b(7).
-13
Let n(d) = -105 + 160 - 2*d**2 - 4*d - 58. Determine n(-2).
-3
Let w(v) = 4*v + 138. Let b(k) = k + 133. Let u(x) = -7*b(x) + 6*w(x). Determine u(6).
-1
Let a(h) be the first derivative of -h**2/2 + 4*h + 1016. Give a(0).
4
Let t be 4/12*2565/171. Let v = -6 + 10. Let h(f) = v*f**2 + f**2 - 3*f**2 - 6*f + 0 + 7. Give h(t).
27
Let h(s) = 13*s**2 - 8*s. Let a(y) = -y**2. Let r(l) = -6*l**2 + 2*l. Let u(m) = -3*a(m) + r(m). Let o(k) = 2*h(k) + 9*u(k). Determine o(2).
0
Let r(a) = 3*a**2 - 111*a - 536. Let j(d) = -7*d**2 + 252*d + 1072. Let u(x) = 2*j(x) + 5*r(x). What is u(-9)?
4
Let r(m) be the third derivative of m**5/60 - m**4/24 + 190*m**2. Let b(s) = -s**3 + 2*s**2 + 8*s - 8. Let q(i) = -b(i) - 5*r(i). Give q(7).
-13
Let m(f) = -2*f - 11. Let l(k) = -k - 1. Let d(x) = -3*l(x) + m(x). Let g(i) = -22*i + 75. Let a be g(9). Let j = a - -117. Determine d(j).
-14
Let u be ((-1)/2)/((10/490)/((-6)/21)). Let m(x) = x - 21. What is m(u)?
-14
Let i = -210 + 212. Let g(x) = -7*x + 777*x**i - 1558*x**2 + 6 + 783*x**2. What is g(5)?
21
Let z(b) = -6*b**2 + 71 + 1769*b + 5*b**2 - 1793*b. Determine z(-26).
19
Let y(v) = v**2 - 8*v - 14. Let a be (-6)/2 - (-11 + 8) - -10. Calculate y(a).
6
Suppose 5*z + 13 = 3*m - 48, 5*m = -z + 55. Let c(r) be the second derivative of -r**5/20 + r**4 + r**3/3 - 13*r**2/2 - 42*r. What is c(m)?
11
Suppose 2*w = 4*q - 8, 3*q + q - 8 = -2*w. Suppose w = -8*l + 6*l - 8. Let m(y) be the first derivative of 2*y**3/3 + 5*y**2/2 - 2*y + 104. Calculate m(l).
10
Let z(d) = 25*d**2 - 7*d + 4. Let f(s) = 40*s**2 - 12*s + 8. Let m(a) = 3*f(a) - 5*z(a). Determine m(2).
-18
Suppose 86*l - 20*l = 0. Let n be -2*((-27)/6 + 4 - l). Let f(c) = -11*c - 1. Determine f(n).
-12
Suppose 3*f + 3*a + 3 = 0, 4*f + f - 7 = -2*a. Suppose -o + 6*o + m - 33 = 0, f*o - 31 = 5*m. Let d(c) = c + 2. Determine d(o).
9
Let c be 1 + -2 - 0/(-4) - -70. Suppose 5*k + 39 = c. Let b(u) be the third derivative of -u**4/24 + 7*u**3/3 - u**2. Calculate b(k).
8
Suppose -s = -5*j + 61, 8*s = 4*j + 10*s - 60. Let i(n) = 25 - 11*n**3 - 4*n**3 + j*n**2 - 12*n + 16*n**3. Calculate i(-14).
-3
Let r be -8 + 2 + (345 - -15)/18. Let m(q) = -3 - 3 + q**3 + 18 - q - 14*q**2. Determine m(r).
-2
Let m be 2 + 46 - (-40)/4. Let h(f) = 6*f - 347. Let n be h(m). Let x(q) be the third derivative of -2*q**4/3 + q**3/6 + q**2. Determine x(n).
-15
Let b(s) = s**2 + 21*s + 1. Suppose -3*m = 3*k + 24, -41*m + k - 18 = -40*m. Give b(m).
-103
Suppose 0 = 2*c + 42 - 8. Let w = c - -20. Suppose -w*m = -5*x - 8, -2*x + 6*x + 36 = -5*m. Let r(y) = -y**3 - 5*y**2 - 3*y + 3. Determine r(m).
-1
Let c(t) = 78*t - 58 - 114*t + 60 - 75*t. Calculate c(1).
-109
Let d(q) = 44*q - 3. Suppose 5 = 164*w - 160*w - l, 5*l = -2*w + 19. Determine d(w).
85
Let v(s) = 11*s**3 - 131*s**2 - 16*s + 24. Let o(k) = -27*k**3 + 321*k**2 + 40*k - 60. Let n(g) = -9*o(g) - 22*v(g). Suppose 25 = 4*f - 7. Give n(f).
12
Let o(u) be the third derivative of 0*u + 24*u**2 - 25/6*u**3 + 7/120*u**5 + 0 - 1/6*u**4 - 1/360*u**6. Let d(m) be the first derivative of o(m). What is d(5)?
6
Let f(y) = 63664*y - 30 - 63665*y - 4. Give f(-33).
-1
Let x(h) = 314*h**2 + 29*h + 17*h - 312*h**2 - 5712 + 5666. Calculate x(-24).
2
Let g(x) = -x - 3. Suppose -5*b - 5*q - 10 = -50, 3*q - 8 = b. Suppose b*a - 4 = 3*k - 10, -4 = 2*k. What is g(a)?
0
Let c = 586 - 597. Let f be 5 - c*(-6)/33. Let o(v) = -v**3 + 2*v**2 - v + 2. Calculate o(f).
-10
Let d(r) = -3 + 3 - 22*r**2 + 10*r + 6 + 23*r**2. Suppose -2*m = 14*m - 13*m + 24. Determine d(m).
-10
Let j = -107 + 101. Let t be 4/j - 57/9. Let l(q) = -q**2 - 11*q + 3 - 7*q + 10*q. Give l(t).
10
Suppose -x + n = -n + 24, -3*x - n - 37 = 0. Let m be 1800/420 + 4/x. Let u(f) = 0 + 8*f + 2*f**2 - 3*f**2 - 2. Determine u(m).
14
Let w(s) = 435*s**2 - 91*s - 331. Let g(d) = 79*d**2 - 18*d - 66. Let j(z) = -11*g(z) + 2*w(z). Determine j(-6).
4
Let d(t) be the second derivative of 0 - t**2 - 104*t + 5/12*t**4 + 1/2*t**3 + 1/20*t**5. Determine d(-4).
2
Suppose 0 = -17*q + 18*q + 22. Let h(f) = -f**3 - 23*f**2 - 23*f - 19. Let m be h(q). Suppose -11*o - 8 = -m*o. Let v(g) = -g**2 + 1. Determine v(o).
0
Let y(v) = 2*v**2 - v. Let a(s) = -7*s**2 - s + 8. Let b(j) = -a(j) - 3*y(j). Give b(-10).
52
Let y be 5/3 + 15/45. Let h(j) = -4*j**3 + 8*j**2 + 5*j - 4. Let b(q) = -3*q**3 + 6*q**2 + 4*q - 3. Let t(o) = y*h(o) - 3*b(o). Calculate t(3).
4
Let x(h) = 10*h**3 + 19*h**2 - 40*h + 154. Let w(c) = 7*c**3 + 13*c**2 - 27*c + 110. Let m(p) = -7*w(p) + 5*x(p). Calculate m(-6).
-6
Let n(c) = 3*c**2 - 3*c - 3. Let m = -236 + 80. Let g = 154 + m. Determine n(g).
15
Let s(o) be the second derivative of -o**4/12 - 3*o - 516. Suppose -16 = 4*a - 4*b, -9 = 5*a - 4*b + 8. Give s(a).
-1
Let q(c) = -12279*c - 7 + 12280*c - 10. Calculate q(14).
-3
Suppose n - r + 13 = 0, 29 = -n - 4*r + 9*r. Let k(j) = 2*j**2 + 11*j - 15. Give k(n).
48
Let n(u) be the first derivative of u - u**2 - 3 + 2/3*u**3. Let t = 2815 - 2817. Calculate n(t).
13
Let s(v) = -9*v + 1. Let r(h) = -h + 105 - 3*h**3 - 5*h**2 + 3*h**2 - 106 + h**2. Let w be r(-1). Determine s(w).
-17
Let o(a) = 32*a**2 - 2*a + 1. Let k = 4252 + -4251. What is o(k)?
31
Let r be ((-2)/(-4))/(39/936). Suppose -4*a - 64 = r*a. Let o(p) = p**2 + 2*p - 5. Determine o(a).
3
Let j(y) = -2*y. Suppose z = 3*b - 26, -6 = 4*z + 14. Suppose -3*v + b*v = -128. Let h = v - -26. Give j(h).
12
Let m(d) be the second derivative of -7*d**4/6 + d**3/6 - d**2 - d. Let v(i) = i**3 - 10*i**2 + 109*i - 342. Let s be v(4). Determine m(s).
-60
Let u(g) = -23*g + 9*g**2 + 8*g + 16*g. Suppose 0 = 5*l + 5*k - 20, -32*l + 4*k - 21 = -31*l. What is u(l)?
8
Let d(p) be the first derivative of p**3/3 - p**2/2 - 21*p - 209. Determine d(0).
-21
Suppose -7*s = -2*s - 22*s. Suppose 4 = d - s*g + g, 4 = -2*g. Let h(q) = -q**3 + 6*q**2 + 2*q - 4. Determine h(d).
8
Let m be -49 - -55 - (8 + 0). Let k(w) be the first derivative of -w**2/2 - 5*w - 317. Determine k(m).
-3
Let t(x) be the second derivative of x**3/2 + 9*x**2/2 - 10*x. Let z = -9 - -4. Let d be t(z). Let c(s) = s + 3. Give c(d).
-3
Let w = -5 - -22. Let j(p) = -p**2 + 818 - 16*p - 836 + 2*p**2. Give j(w).
-1
Let n(d) = d**2 - d**3 - 6*d**2 + 2*d - 3*d + 4*d**2. Let u be ((-3)/(-18))/(6/36) - -3. Suppose -3*w = -h - 2*w + 2, u*h - 5*w = 11. Give n(h).
1
Suppose 3*p = 26*p - 115. Let h = -10 + 18. Let r(c) = -2*c**2 + 1. Let m(l) = 3*l**2 - 1. Let o(b) = h*r(b) + p*m(b). What is o(-3)?
-6
Let s(w) = -2*w**3 + 70*w**2 - 66*w - 70. Let b be (-9 - 144)/(351/(-78)). Give s(b).
-2
Suppose -2*i = -3 - 3. Suppose -224 = -4*g + q, -3*g + 3*q + 56 = -2*g. Let o(u) = 5*u**2 - g*u*